3.
93
Calculate the highest common divisor of 2590 and 210.
70
Calculate the greatest common divisor of 10 and 14.
2
Calculate the greatest common factor of 75 and 825.
75
What is the highest common divisor of 840 and 11060?
140
What is the greatest common factor of 320 and 20?
20
Calculate the highest common factor of 534 and 1869.
267
What is the highest common factor of 1 and 2?
1
What is the greatest common divisor of 14940 and 90?
90
Calculate the highest common divisor of 55 and 187.
11
Calculate the highest common divisor of 312 and 64.
8
What is the highest common divisor of 476 and 4352?
68
What is the highest common divisor of 96 and 6?
6
What is the greatest common factor of 32 and 2896?
16
What is the greatest common factor of 4719 and 39?
39
Calculate the greatest common divisor of 80 and 1645.
5
Calculate the highest common factor of 33 and 253.
11
Calculate the highest common divisor of 5 and 23.
1
What is the greatest common factor of 72 and 18?
18
What is the highest common divisor of 10604 and 77?
11
What is the greatest common factor of 12310 and 10?
10
Calculate the highest common divisor of 78 and 234.
78
Calculate the highest common factor of 535 and 5.
5
What is the highest common factor of 140 and 400?
20
Calculate the greatest common factor of 26 and 169.
13
Calculate the highest common divisor of 22 and 781.
11
What is the highest common factor of 1701 and 63?
63
What is the greatest common divisor of 27824 and 188?
188
Calculate the highest common factor of 68 and 19924.
68
What is the greatest common divisor of 333 and 148?
37
Calculate the greatest common factor of 28 and 5726.
14
Calculate the greatest common factor of 1106 and 14.
14
What is the greatest common divisor of 232 and 493?
29
What is the highest common factor of 145 and 667?
29
Calculate the highest common divisor of 123 and 5043.
123
Calculate the highest common divisor of 141 and 9.
3
Calculate the highest common factor of 98 and 224.
14
What is the highest common factor of 767 and 59?
59
What is the greatest common factor of 490 and 98?
98
Calculate the highest common factor of 56 and 280.
56
What is the highest common divisor of 18 and 1938?
6
What is the greatest common divisor of 28 and 224?
28
What is the highest common factor of 6 and 18402?
6
Calculate the highest common factor of 132 and 60.
12
Calculate the highest common divisor of 25 and 275.
25
Calculate the greatest common divisor of 1207 and 142.
71
Calculate the highest common factor of 70 and 360.
10
Calculate the greatest common factor of 1551 and 846.
141
What is the greatest common divisor of 938 and 14?
14
What is the greatest common divisor of 19 and 1?
1
Calculate the highest common divisor of 20 and 52.
4
Calculate the greatest common divisor of 6912 and 60.
12
Calculate the highest common factor of 70 and 63.
7
What is the highest common divisor of 10323 and 93?
93
Calculate the greatest common factor of 136 and 289.
17
Calculate the greatest common divisor of 2880 and 90.
90
Calculate the highest common factor of 755 and 5.
5
What is the highest common factor of 3129 and 298?
149
What is the greatest common factor of 27 and 11907?
27
What is the highest common factor of 40018 and 107?
107
Calculate the greatest common factor of 26 and 325.
13
Calculate the highest common divisor of 4173 and 13.
13
What is the highest common factor of 10 and 145?
5
What is the highest common divisor of 2310 and 168?
42
What is the greatest common divisor of 36 and 1152?
36
What is the greatest common divisor of 408 and 120?
24
What is the greatest common factor of 260 and 480?
20
Calculate the greatest common divisor of 30 and 440.
10
What is the highest common factor of 140 and 105?
35
What is the greatest common factor of 40608 and 94?
94
What is the greatest common factor of 273 and 672?
21
Calculate the greatest common factor of 602 and 28.
14
What is the greatest common factor of 41 and 123?
41
Calculate the highest common divisor of 6 and 174.
6
What is the highest common factor of 25 and 255?
5
What is the highest common factor of 3179 and 132?
11
Calculate the greatest common divisor of 168 and 48.
24
What is the highest common factor of 1045 and 171?
19
Calculate the greatest common factor of 11578 and 35.
7
Calculate the highest common factor of 1749 and 33.
33
What is the greatest common divisor of 176 and 396?
44
What is the highest common factor of 3525 and 60?
15
What is the greatest common divisor of 12214 and 124?
62
Calculate the greatest common factor of 19341 and 63.
63
Calculate the highest common factor of 2 and 578.
2
What is the greatest common factor of 450 and 144?
18
What is the greatest common factor of 6031 and 489?
163
Calculate the highest common factor of 512 and 48.
16
Calculate the highest common factor of 266 and 1843.
19
What is the highest common factor of 27 and 2664?
9
What is the highest common factor of 737 and 1072?
67
What is the highest common factor of 356 and 2?
2
What is the greatest common divisor of 10 and 810?
10
Calculate the highest common factor of 9 and 9.
9
What is the greatest common factor of 160 and 40?
40
What is the greatest common factor of 5216 and 163?
163
Calculate the highest common factor of 21 and 93.
3
What is the highest common divisor of 630 and 115?
5
Calculate the highest common divisor of 1390 and 50.
10
Calculate the highest common factor of 4 and 1388.
4
Calculate the highest common divisor of 38 and 399.
19
What is the highest common divisor of 168 and 21?
21
What is the highest common factor of 11 and 4796?
11
Calculate the highest common factor of 1395 and 180.
45
Calculate the highest common factor of 464 and 783.
29
Calculate the highest common divisor of 70 and 3010.
70
Calculate the highest common factor of 377 and 58.
29
What is the highest common factor of 213 and 355?
71
Calculate the highest common factor of 1215 and 45.
45
What is the greatest common factor of 7272 and 16?
8
Calculate the greatest common factor of 434 and 14.
14
Calculate the greatest common divisor of 273 and 462.
21
Calculate the greatest common factor of 1725 and 1425.
75
What is the greatest common divisor of 125 and 75?
25
Calculate the highest common factor of 384 and 44.
4
What is the highest common divisor of 34 and 527?
17
Calculate the greatest common factor of 18249 and 11.
11
Calculate the greatest common factor of 129 and 21.
3
Calculate the highest common factor of 78 and 30.
6
Calculate the greatest common factor of 462 and 42.
42
Calculate the highest common factor of 1872 and 136.
8
What is the highest common divisor of 162 and 6?
6
Calculate the greatest common factor of 56 and 266.
14
What is the highest common factor of 1952 and 122?
122
Calculate the greatest common divisor of 1095 and 135.
15
What is the highest common factor of 6210 and 1350?
270
What is the highest common divisor of 32 and 9992?
8
Calculate the greatest common factor of 20 and 2215.
5
What is the highest common factor of 445 and 267?
89
What is the greatest common factor of 693 and 378?
63
What is the greatest common divisor of 1450 and 522?
58
What is the highest common divisor of 1666 and 136?
34
What is the highest common divisor of 26 and 91?
13
Calculate the highest common factor of 873 and 9.
9
What is the highest common factor of 5143 and 74?
37
What is the greatest common divisor of 455 and 195?
65
What is the greatest common factor of 8320 and 325?
65
What is the greatest common divisor of 4117 and 23?
23
Calculate the highest common divisor of 26 and 494.
26
What is the highest common factor of 52 and 52?
52
What is the greatest common divisor of 26 and 598?
26
What is the highest common factor of 768 and 13312?
256
What is the greatest common factor of 490 and 210?
70
What is the highest common factor of 104 and 28?
4
Calculate the greatest common factor of 207 and 9.
9
Calculate the greatest common divisor of 693 and 77.
77
Calculate the greatest common factor of 45 and 1305.
45
What is the greatest common divisor of 21 and 133?
7
Calculate the greatest common factor of 441 and 45.
9
Calculate the greatest common divisor of 432 and 9.
9
What is the highest common divisor of 184 and 138?
46
Calculate the greatest common divisor of 1313